the tens digit of s?
0
Let n(r) = 3*r**3 + 8*r**2 + 68*r - 20. Let v(p) = p**3 + 2*p**2 + 22*p - 7. Let t(h) = -2*n(h) + 7*v(h). What is the units digit of t(4)?
5
Let q = -47 + 28. Let m(r) = r**3 + 16*r**2 + 32*r + 11. Let z(l) = -l**3 - 17*l**2 - 21*l - 11. Let s(n) = -2*m(n) - 3*z(n). What is the units digit of s(q)?
0
Let o(i) = 0*i**3 - 25*i - i**2 + 13*i + 2*i**3 + 30. What is the tens digit of o(7)?
8
Let o(y) = 1440*y + 871. What is the tens digit of o(4)?
3
Let h(i) = 3*i**2 - 7*i - 18. Let n(l) = -7*l**2 + 14*l + 36. Let o(f) = 9*h(f) + 4*n(f). Let k be o(-5). What is the units digit of -2 + 424/20 + k/(-10)?
0
Let p = -519 - -732. Suppose 224 = f - p. What is the tens digit of f?
3
Suppose 0 = -3*q + 3*z + 105, -180 = -4*q - z - 3*z. Suppose g + q = 40. Suppose 4*v + 168 = 4*k - g*v, k - 5*v = 34. What is the tens digit of k?
4
Let n = 20 + -15. Suppose v = -n*v + 48. Suppose o - 7 = p + v, -85 = -5*o - 5*p. What is the units digit of o?
6
Suppose -6*h + 11 + 7 = 0. Suppose d + d - 275 = -h*a, 0 = d + 2*a - 138. What is the tens digit of d?
3
Let u = 22 + -23. Let s(p) = -98*p - 2. Let c be s(u). Suppose -9*g = -318 - c. What is the tens digit of g?
4
Let a(l) = 1420*l**2 + l - 15. What is the hundreds digit of a(2)?
6
Let w(v) = -v**3 + 2*v**2 - 2*v - 33. Let a be w(0). Let t = 33 + a. Suppose 4*c + 5*r - 347 = t, 2*r = 3*c + 4*r - 262. What is the units digit of c?
8
Suppose 0 = -r + 3 - 0. Let h(p) = 2*p**2 - 57*p - 26. Let m be h(29). What is the tens digit of (76/r)/((-7)/m - -3)?
3
Suppose -103869 = -5*a - 4*b, a - 112*b + 109*b - 20789 = 0. What is the tens digit of a?
7
Suppose 0 = -5*p + p - 148. Let q = p + 41. What is the tens digit of (-2 + 54/15)/(q/170)?
6
Suppose -3*g - 15 = 0, -4*j - g = -20953 + 6798. What is the hundreds digit of j?
5
Suppose 0 = -5*x + 25, 5*x = 3*a - 6*a + 109. Let i = 30 - a. What is the units digit of (-828)/(-4)*((-7)/(-3) - i)?
9
Suppose 13*v + 5*v - 774 = 0. Let a(z) = 15*z - 181. What is the hundreds digit of a(v)?
4
Suppose -17*i = 8 - 59. Suppose 4*t = 2*l + t - 221, 3*t = -i*l + 324. What is the hundreds digit of l?
1
Suppose -5*z + 22*b = 18*b - 5038, 1012 = z - 3*b. Let n = z - 656. What is the hundreds digit of n?
3
Let h(z) = -2*z - 12. Let q be h(-11). Suppose -13*m + 3*k + 1590 = -q*m, k = 2*m - 1063. What is the hundreds digit of m?
5
Let n(c) = 316*c - 812. What is the hundreds digit of n(28)?
0
Let k(s) be the first derivative of s**3 - 3*s**2/2 - s + 35. Let m(w) = -w**2 + 5*w - 1. Let v be m(4). What is the units digit of k(v)?
7
Let u be (24/36)/(1/27). Suppose u*h - 14*h = 20. Suppose 9 = -h*w + 84. What is the units digit of w?
5
Let h(v) = -20*v**3 - 13*v**2 - 47*v - 21. Let b be h(-6). Suppose 3*m - s = -0*m + 3099, 5*s - b = -4*m. What is the hundreds digit of m?
0
Let t be ((-42)/(-28))/(9/12). What is the hundreds digit of (-3192)/(-6) + t*-4?
5
Suppose -14*k + 19321 = -8997 - 172. What is the thousands digit of k?
2
Let y = -40807 + 69598. What is the ten thousands digit of y?
2
Let c(n) = 13*n**2 + 15*n - 42. Let m be c(3). Suppose -5 = -5*s, -4*p + 0*s + 4*s = -1180. Suppose 4*q + m = p. What is the units digit of q?
4
Let x be (1097/(-1))/(-4 - -4 - 1). Let f = 1643 - x. What is the units digit of f?
6
Suppose 0 = -v - 2 + 7. Suppose 4*q - 23 = -a, -q - v = a - 19. Let c = 67 + a. What is the units digit of c?
8
Suppose 53864 + 13627 = 9*i. What is the hundreds digit of i?
4
Let u be -21 + -7 + 3 + -4 + 1. Let i = u + 4. Let z = 35 + i. What is the tens digit of z?
1
Let x(y) = -48*y - 10. Suppose 9*i - 11*i = 5*r + 26, 5*r = -3*i - 29. Let o be (-5 - -3) + r/2. What is the tens digit of x(o)?
8
Suppose 4*p - 3*f - 970 = 0, 2*p + 3*p - 2*f - 1216 = 0. Suppose 4*x + 4*t - p = 0, 4*x + t + 0*t - 259 = 0. What is the tens digit of (-50 - 1)*(-88)/x?
6
What is the ten thousands digit of ((-9734842)/1314 + 2/36)/((-3)/16)?
3
Let z = 63770 - 42321. What is the units digit of z?
9
Suppose 11*j = 45 - 12. Suppose -1 = -x, -4*p + x = j*x - 1082. What is the units digit of p?
0
Suppose 0 = 3*l + 2*o - 18073, 37*o - 32*o = 2*l - 12055. What is the tens digit of l?
2
Let c = 72 - 70. Suppose u - 8 = 4*m, -4*u + c*m = m - 2. Suppose u = 2*v - 167 - 61. What is the hundreds digit of v?
1
Let w(q) = 5*q**2 + 227*q - 1328. What is the tens digit of w(6)?
1
Suppose -m + 4*m - 4*c = 53, 2*c = 8. Let h = -30 - -54. Let x = h - m. What is the units digit of x?
1
Let s(r) = 130 + 38*r + 160 + 45 - 70 + 115. What is the hundreds digit of s(26)?
3
Let c be 3/(-9)*4*(-5859)/18. Suppose -o = a - 0*o - 113, 0 = -4*a + 2*o + c. What is the units digit of a?
0
Let l = 66 + -38. Suppose -2*o + 5*j - l = 0, j + 0*j - 20 = 4*o. What is the tens digit of 2/o - 923/(-26)?
3
Let w = 554 + -518. Suppose 0 = -19*c + w*c - 7055. What is the units digit of c?
5
Suppose 5*a - 62235 = -8*y, -5*a + 53*y - 50*y = -62180. What is the tens digit of a?
3
Let p = 4071 + 690. What is the hundreds digit of p?
7
Suppose -3*n = -i - 62500 - 17577, 20 = 4*i. What is the tens digit of n?
9
Let t = 4303 + -2285. Suppose -o = -2*h - 686, 13*h - 9*h = -3*o + t. What is the hundreds digit of o?
6
Let k = -2 + 15. Let p = 20 - k. Suppose p*s - 103 = 156. What is the units digit of s?
7
Let v(q) = q**2 + 2*q + 2. Let t be v(6). Let z = t + -42. Let b(y) = y**3 - 8*y**2 + 15*y + 5. What is the units digit of b(z)?
5
Let v(w) = 33*w**2 + 25*w - 111. What is the hundreds digit of v(11)?
1
Let g = 346 + -178. Let j = g - 81. What is the tens digit of j?
8
What is the thousands digit of ((-25767)/(-84) - (5 + -14))*784/6?
1
Suppose 26*g - 29*g = -12. Suppose -g*y - y - 4*c + 2195 = 0, 0 = 3*y + c - 1324. What is the hundreds digit of y?
4
Suppose 0*a - 4*x + 114 = -2*a, -x = -3*a - 176. Let l = a - -56. Let y(v) = -8*v**3 - 4*v**2 - v - 2. What is the hundreds digit of y(l)?
1
Suppose -248 = -2*c - 1098. Let m = c - -1813. What is the units digit of m?
8
Suppose 3 = 3*m, -6*h - 3 = -h + 2*m. Let u be (3/2)/(((-15)/40)/h). Let n(z) = 26*z. What is the tens digit of n(u)?
0
Suppose -22*f + 26*f + 52 = 0. Let v(x) = -131*x - 178. What is the units digit of v(f)?
5
Let z = -247 - -243. What is the units digit of (66/(-18) - z)/(2/1068)?
8
Let d(z) = 7*z**3 - 23*z**2 - 33*z + 3. Let w(t) = -10*t**3 + 35*t**2 + 49*t - 5. Let l(b) = -7*d(b) - 5*w(b). What is the units digit of l(16)?
2
Suppose -4*m = 2*n - 39550, -3*m + 5*n + 21354 = -8315. What is the units digit of m?
8
Suppose g = -2*g + 156. Let s = 83 - g. Let h = -18 + s. What is the units digit of h?
3
Let n = -1110 - -1856. Suppose 61 + n = 3*b. What is the hundreds digit of b?
2
Let x = 315 + -313. Suppose -2*m + 6*g + 97 = g, -g = -x*m + 93. What is the tens digit of m?
4
What is the ten thousands digit of 574*((-3748)/(-56) + (-48)/112)?
3
Let u(h) = -2*h - 26. Let d be u(-17). Let z be 1/4 + 4 + 326/d. Suppose -44*v + z*v = 61. What is the units digit of v?
1
Let b(p) = 1096*p + 10388. What is the thousands digit of b(15)?
6
Let a(n) = 464*n - 1556. What is the units digit of a(20)?
4
Suppose 2*o - 16672 = -r + 6013, o - 11325 = -3*r. What is the units digit of o?
6
Suppose 10*c + 7582 = 4*v + 8*c, 4*v = -3*c + 7577. Suppose 0 = -14*j - v + 10897. What is the tens digit of j?
4
Let l(n) = -5*n**2 + 76*n - 15. Let x be l(15). Suppose x = -73*j + 69*j + 1872. What is the hundreds digit of j?
4
Let j(p) = -24 - 20*p - 3 + 2. Let r be j(-11). What is the units digit of 9780/r - 2/13?
0
Let n = 2569 + 35292. What is the tens digit of n?
6
Suppose 4*j - 3*j = -5*v - 576, 2327 = -4*j + 3*v. Let n = 818 + j. What is the hundreds digit of n?
2
Suppose -115*l + 112*l = -4*w + 100689, 0 = -5*w - 5*l + 125905. What is the ten thousands digit of w?
2
Suppose -5*k - 3*t + 52842 = 0, 21*k - 18*k + 2*t - 31704 = 0. What is the tens digit of k?
7
Let s = -2975 + 5416. What is the units digit of s?
1
Let m(c) = 2*c**3 + 40*c**2 + c - 14. Let d be m(-20). What is the units digit of (17/d)/(1 + (-1718)/1716)?
9
Let w be ((-2)/(-4))/((-5)/570). Let d be 152/w*-2*6/(-4). Let l = d - -68. What is the units digit of l?
0
Let d(v) = 76*v**2 - 106*v - 1787. What is the thousands digit of d(-17)?
1
Let a(z) = -z**3 - 11*z**2 - 24*z - 265. Let r be a(-11). Let g(x) = -1431*x**3 + x**2 - 1. Wha